 = -i**2 - 27*i + 2277. What is k(36)?
9
Let k(p) = -5*p - 51. Give k(-10).
-1
Let a(m) = -65*m + 768. Give a(11).
53
Let t(r) = 3*r**3 - 317*r**2 + 212*r - 130. Calculate t(105).
80
Let m(d) = 7*d - 270. Give m(28).
-74
Let s(x) = -2*x**3 + 61*x**2 + 19*x + 367. What is s(31)?
-5
Let z(l) = -6*l**2 + 2*l + 506. What is z(-9)?
2
Let f(a) = -3*a**3 + 275*a**2 + 660*a - 189. Calculate f(94).
-1
Let b(s) = 2*s**3 - 44*s**2 + 30*s + 251. Give b(21).
-1
Let u(i) = -2*i**2 - 46*i - 298. Calculate u(-12).
-34
Let b(u) = -u**2 - 15*u + 35. Calculate b(-9).
89
Let u(p) = 2*p**2 + 6*p - 24. What is u(-5)?
-4
Let g(s) = -s**3 + 8*s**2 + 16*s - 22. Determine g(9).
41
Let m(y) = 250*y - 1388. Give m(5).
-138
Let c(q) = q**3 + 24*q**2 + 16*q + 375. What is c(-24)?
-9
Let k(u) = 5*u**2 - 21*u + 16. What is k(4)?
12
Let b(q) = -q**3 + 18*q**2 + 3*q + 85. Calculate b(18).
139
Let k(b) = -10*b**2 - 97*b - 186. What is k(-2)?
-32
Let v(t) = -26*t - 309. Give v(-13).
29
Let t(j) = -j**3 - 3*j**2 - 111*j + 95. Give t(0).
95
Let a(h) = -73*h + 1534. Give a(21).
1
Let j(u) = u**3 - 26*u**2 - 26*u + 92. Give j(26).
-584
Let r(i) = -82*i**3 + 5*i**2 + 31*i + 29. Give r(-1).
85
Let m(g) = 82*g - 1905. Give m(15).
-675
Let z(g) = 2*g**3 - 10*g**2 + 25*g - 71. What is z(4)?
-3
Let k(d) = -5*d**2 + 67*d - 243. What is k(7)?
-19
Let t(u) = u**2 + 218*u + 1482. What is t(-7)?
5
Let v(q) = 34*q**2 - 850*q - 54. What is v(25)?
-54
Let t(j) = 3*j**2 - 2642*j + 5281. What is t(2)?
9
Let n(o) = 18*o + 267. What is n(-36)?
-381
Let l(z) = -7*z**3 - 30*z**2 + 14*z + 80. Calculate l(-4).
-8
Let s(k) = k**2 + 41*k + 396. Calculate s(-29).
48
Let f(w) = -41*w - 531. Determine f(-12).
-39
Let f(r) = 87*r - 7477. Give f(86).
5
Let t(w) = -148*w + 317. What is t(0)?
317
Let i(n) = -6999*n - 6. Determine i(0).
-6
Let n(z) = z**3 + 7*z**2 + 7*z + 117. Calculate n(-8).
-3
Let j(y) = 6*y**2 - 3*y + 59. Give j(0).
59
Let p(o) = -42*o + 2263. What is p(46)?
331
Let s(q) = -18*q - 565. Determine s(-31).
-7
Let z(h) = 670*h + 3994. Give z(-6).
-26
Let a(d) = 19*d**3 - 4*d**2 - 3*d. Determine a(1).
12
Let k(u) = -5*u + 320. Determine k(51).
65
Let c(n) = 2*n**2 - 1993*n - 3991. Determine c(-2).
3
Let y(a) = 3045*a + 12173. Determine y(-4).
-7
Let n(s) = -3*s**2 + 275*s + 396. Determine n(92).
304
Let q(t) = -3932*t - 125827. Determine q(-32).
-3
Let f(j) = j**2 - 35*j - 525. Give f(46).
-19
Let s(f) = -1338*f - 30777. Calculate s(-23).
-3
Let m(r) = r**3 - 62*r**2 - 5*r + 259. What is m(62)?
-51
Let g(n) = 977*n - 970. Give g(1).
7
Let o(i) = -8*i + 120. Determine o(17).
-16
Let h(q) = -q**3 + 43*q**2 - 426*q - 179. Give h(27).
-17
Let y(h) = h**3 + 33*h**2 - 38*h - 12. Determine y(-34).
124
Let h(z) = 246*z - 2868. Give h(12).
84
Let o(i) = -i**3 + 12*i**2 + 29*i - 27. What is o(14)?
-13
Let s(a) = -a**3 - 45*a**2 + 2*a + 133. Give s(-45).
43
Let p(g) = 2156*g + 10771. Give p(-5).
-9
Let m(q) = -59*q + 10. Give m(-4).
246
Let n(h) = -2*h**3 + 70*h**2 - 129*h - 114. What is n(33)?
-15
Let u(b) = b**3 - 7*b**2 - b + 39. Give u(5).
-16
Let b(s) = -505*s - 428. Determine b(-1).
77
Let u(w) = 2*w + 180. What is u(-91)?
-2
Let c(o) = -15*o**3 - o**2 + 5*o - 7. Calculate c(2).
-121
Let c(w) = 8*w - 141. Calculate c(14).
-29
Let c(w) = -18*w**3 + 2*w**2 + 5*w + 223. Determine c(0).
223
Let p(f) = -102*f - 2441. Calculate p(-24).
7
Let q(j) = -31*j - 40. Determine q(-9).
239
Let u(k) = 73*k**2. Give u(-1).
73
Let w(t) = -t**3 + 10*t**2 + 42*t + 202. Calculate w(14).
6
Let w(u) = u**3 - 14*u**2 - 10*u + 12. Give w(15).
87
Let k(q) = -15*q**2 + 57*q + 5. Determine k(0).
5
Let m(i) = -8*i - 136. Calculate m(6).
-184
Let q(t) = -11*t**2 - 21*t - 74. What is q(-4)?
-166
Let k(t) = -69*t - 1367. What is k(-6)?
-953
Let u(d) = d**2 - 44*d + 3. Calculate u(0).
3
Let x(k) = 4*k**2 - 444*k - 45758. Determine x(-65).
2
Let j(i) = 2*i**2 - 55*i + 297. Determine j(20).
-3
Let v(a) = -63*a + 369. What is v(6)?
-9
Let x(k) = 6*k**2 - 9*k + 27. What is x(8)?
339
Let h(x) = -15*x + 862. Give h(58).
-8
Let b(k) = k**3 - 22*k**2 + 86*k - 922. Calculate b(20).
-2
Let p(f) = -3*f**2 - f - 15. Give p(-3).
-39
Let i(k) = 3*k**3 + 73*k**2 + 151*k + 37. Give i(-22).
103
Let c(o) = 6447*o - 38693. Calculate c(6).
-11
Let v(m) = -9*m**3 - 3*m**2 + 3*m + 6. Give v(-3).
213
Let p(x) = x**3 - 111*x**2 - 581*x + 110. Determine p(116).
-6
Let q(u) = -u**3 + 91*u**2 + 186*u - 13. Determine q(93).
-13
Let o(n) = 2*n**3 - 73*n**2 - 197*n + 78. Give o(39).
0
Let f(b) = -23*b - 174. Give f(-5).
-59
Let z(w) = w**2 - 17*w + 28. Calculate z(2).
-2
Let u(i) = i**3 - 22*i**2 - 3*i + 20. What is u(0)?
20
Let s(r) = 75*r - 285. Give s(14).
765
Let c(f) = -1202*f - 7229. Calculate c(-6).
-17
Let v(g) = -24*g - 822. Give v(-35).
18
Let m(p) = 746*p + 8301. Give m(-11).
95
Let u(w) = w**3 - 7*w + 26. What is u(0)?
26
Let i(q) = -q**3 + 15*q**2 - 41*q + 383. Calculate i(14).
5
Let l(o) = -3*o**2 - 201*o + 6. Calculate l(-64).
582
Let q(m) = 1164*m**2 - 1157*m + 2. What is q(1)?
9
Let r(q) = 6*q**2 + 199*q + 53. What is r(-32)?
-171
Let m(s) = -12*s + 274. Determine m(-20).
514
Let j(s) = 911*s + 2725. Calculate j(-3).
-8
Let i(o) = -o**2 + 63*o + 470. Determine i(70).
-20
Let a(z) = 2*z**2 - 52*z + 409. Give a(27).
463
Let n(f) = -f**3 - 6*f**2 - 20*f - 120. Calculate n(-6).
0
Let i(q) = -q**3 - 37*q**2 - 43*q - 230. Determine i(-36).
22
Let b(n) = 6*n**3 + n**2 + 12*n - 14. What is b(1)?
5
Let m(c) = 2*c**3 + 2*c**2 - 10*c + 11. Calculate m(-3).
5
Let t(k) = -12*k**2 + 273*k - 129. What is t(22)?
69
Let y(l) = -468*l + 79085. Give y(169).
-7
Let r(j) = 8*j**2 - 59*j + 27. Determine r(7).
6
Let q(f) = 235*f + 3060. Give q(-13).
5
Let s(p) = -p**3 + 35*p**2 - 34*p + 21. Determine s(34).
21
Let k(p) = 49*p - 1156. Determine k(21).
-127
Let r(z) = 754*z + 6797. What is r(-9)?
11
Let c(y) = 471*y + 12718. What is c(-27)?
1
Let g(v) = v**2 + 872*v - 47062. Give g(51).
11
Let q(w) = w**2 - 28*w + 64. Calculate q(30).
124
Let u(c) = -3*c**3 + 3*c**2 - 34*c + 56. Determine u(2).
-24
Let t(q) = 443*q - 13740. Determine t(31).
-7
Let g(s) = -2*s + 69. Calculate g(30).
9
Let u(l) = 75*l**2 - 227*l - 1330. Determine u(6).
8
Let c(j) = j**3 + 28*j**2 + 6*j - 1169. What is c(-26)?
27
Let s(z) = -20*z + 82. What is s(6)?
-38
Let r(q) = -44*q - 380. Calculate r(-7).
-72
Let h(w) = -60*w + 106. Determine h(2).
-14
Let b(r) = 133*r - 10346. What is b(78)?
28
Let z(k) = -90*k + 836. Give z(12).
-244
Let y(v) = v**2 - 11*v - 17. Calculate y(11).
-17
Let a(g) = g**2 - 56*g - 2475. Give a(-29).
-10
Let w(f) = f**2 + 36*f + 83. Determine w(-19).
-240
Let g(x) = -9759*x - 19528. Determine g(-2).
-10
Let g(z) = -1290*z + 4552. Calculate g(4).
-608
Let x(q) = 20*q**2 - 1243*q + 209. Determine x(62).
23
Let k(l) = -l**2 + 22*l - 103. Give k(8).
9
Let j(i) = 2*i**3 - 30*i**2 - 50*i - 24. Determine j(-1).
-6
Let n(l) = -1876*l + 3737. What is n(2)?
-15
Let d(h) = -35*h**3 - 877*h**2 - 38*h + 294. What is d(-25)?
-6
Let l(b) = 189*b**2 + 1890*b - 5. Give l(-10).
-5
Let b(d) = -21*d - 1463. Determine b(-88).
385
Let j(s) = -29*s - 1141. What is j(-40)?
19
Let m(y) = -2*y**3 - 21*y**2 + 175*y + 102. Determine m(-16).
118
Let u(f) = -7*f**2 + 14*f + 8. Determine u(2).
8
Let t(u) = 4*u**3 - 2*u**2 + 7. What is t(2)?
31
Let x(j) = j**2 - 28*j + 160. What is x(11)?
-27
Let h(f) = 438*f - 17588. Give h(40).
-68
Let r(v) = v**2 + 8*v - 386. Give r(-23).
-41
Let l(g) = -136*g + 6685. What is l(49)?
21
Let c(q) = 3*q**3 - 5*q**2 - 10*q + 15. What is c(0)?
15
Let f(q) = q**3 - 19*q**2 - 6*q + 24. Determine f(19).
-90
Let f(h) = -329*h + 2300. Determine f(7).
-3
Let t(w) = w**3 + 60*w**2 + 119*w + 184. What is t(-58)?
10
Let p(h) = -4*h**3 - 107*h**2 - 344*h + 14. Determine p(-23).
-9
Let h(m) = -21*m + 169. What is h(10)?
-41
Let d(h) = -2762*h + 22098. Calculate d(8).
2
Let y(v) = -v**2 + 10*v + 60. Determine y(-7).
-59
Let w(y) = -y**3 - 49*y**2 - 140*y - 174. Calculate w(-46).
-82
Let j(t) = 9*t**2 - 262*t + 1630. Give j(20).
-10
Let p(s) = 498*s**2 + 2493*s + 10. Give p(-5).
-5
Let l(n) = n**3 + 39*n**2 - 56. Determine l(-39).
-56
Let n(f) = f**3 - 25*f**2 - 56*f - 29. What is n(27)?
-83
Let l(a) = 41*a + 2053. What is l(-50)?
3
Let d(s) = s**3 + 3*s**2 + 4155*s + 12473. Determine